{"id":595,"date":"2019-08-02T13:32:00","date_gmt":"2019-08-02T11:32:00","guid":{"rendered":"http:\/\/www.kbhu.info\/?page_id=595"},"modified":"2019-08-03T15:15:44","modified_gmt":"2019-08-03T13:15:44","slug":"automatizalas","status":"publish","type":"page","link":"https:\/\/www.kbhu.info\/index.php\/automatizalas\/","title":{"rendered":"Automatiz\u00e1l\u00e1s"},"content":{"rendered":"\t\t<div data-elementor-type=\"wp-post\" data-elementor-id=\"595\" class=\"elementor elementor-595\">\n\t\t\t\t\t\t\t\t\t<section class=\"elementor-section elementor-top-section elementor-element elementor-element-4d085afb elementor-section-content-middle elementor-section-stretched elementor-section-full_width elementor-section-height-default elementor-section-height-default\" data-id=\"4d085afb\" data-element_type=\"section\" data-settings=\"{&quot;stretch_section&quot;:&quot;section-stretched&quot;}\">\n\t\t\t\t\t\t<div class=\"elementor-container elementor-column-gap-no\">\n\t\t\t\t\t<div class=\"elementor-column elementor-col-100 elementor-top-column elementor-element elementor-element-3c0c7293\" data-id=\"3c0c7293\" data-element_type=\"column\">\n\t\t\t<div class=\"elementor-widget-wrap elementor-element-populated\">\n\t\t\t\t\t\t\t\t<div class=\"elementor-element elementor-element-18972d91 elementor-widget elementor-widget-heading\" data-id=\"18972d91\" data-element_type=\"widget\" data-widget_type=\"heading.default\">\n\t\t\t\t<div class=\"elementor-widget-container\">\n\t\t\t<h6 class=\"elementor-heading-title elementor-size-default\">Kih\u00edv\u00e1s<\/h6>\t\t<\/div>\n\t\t\t\t<\/div>\n\t\t\t\t<div class=\"elementor-element elementor-element-3aaec259 elementor-widget elementor-widget-text-editor\" data-id=\"3aaec259\" data-element_type=\"widget\" data-widget_type=\"text-editor.default\">\n\t\t\t\t<div class=\"elementor-widget-container\">\n\t\t\t\t\t\t\t<p>A mai zavaros vil\u00e1gban felforgat\u00f3 technol\u00f3giai \u00faj\u00edt\u00e1sok ker\u00fclnek folyamatosan napvil\u00e1gra, ahol az ortodox megold\u00e1sok rendre kudarcot vallanak az \u00e1r-\u00e9rt\u00e9k versenyben. Ezek a megold\u00e1sok az automatiz\u00e1l\u00e1s ter\u00fclet\u00e9t sem hagyt\u00e1k \u00e9rintetlen\u00fcl, ahol az \u00fajdons\u00fclt bel\u00e9p\u0151k t\u00f6red\u00e9k k\u00f6lts\u00e9g\u00e9rt oldj\u00e1k meg a probl\u00e9m\u00e1kat. Ez az innov\u00e1ci\u00f3 \u00e9s \u00faj technol\u00f3gi\u00e1k gy\u00fcm\u00f6lcse.<\/p>\t\t\t\t\t\t<\/div>\n\t\t\t\t<\/div>\n\t\t\t\t<section class=\"elementor-section elementor-inner-section elementor-element elementor-element-6f22fb06 elementor-section-content-middle elementor-section-boxed elementor-section-height-default elementor-section-height-default\" data-id=\"6f22fb06\" data-element_type=\"section\">\n\t\t\t\t\t\t<div class=\"elementor-container elementor-column-gap-no\">\n\t\t\t\t\t<div class=\"elementor-column elementor-col-33 elementor-inner-column elementor-element elementor-element-2b95424d\" data-id=\"2b95424d\" data-element_type=\"column\">\n\t\t\t<div class=\"elementor-widget-wrap elementor-element-populated\">\n\t\t\t\t\t\t\t\t<div class=\"elementor-element elementor-element-64fc995c elementor-widget elementor-widget-heading\" data-id=\"64fc995c\" data-element_type=\"widget\" data-widget_type=\"heading.default\">\n\t\t\t\t<div class=\"elementor-widget-container\">\n\t\t\t<h3 class=\"elementor-heading-title elementor-size-default\">Tervez\u00e9s<\/h3>\t\t<\/div>\n\t\t\t\t<\/div>\n\t\t\t\t<div class=\"elementor-element elementor-element-27ccae8b elementor-widget elementor-widget-text-editor\" data-id=\"27ccae8b\" data-element_type=\"widget\" data-widget_type=\"text-editor.default\">\n\t\t\t\t<div class=\"elementor-widget-container\">\n\t\t\t\t\t\t\t<p>A tervez\u00e9s seg\u00edt \u00e1tl\u00e1tni a probl\u00e9m\u00e1t, megvil\u00e1g\u00edtani a sarokpontokat \u00e9s megbecs\u00fclni a r\u00e1ford\u00edt\u00e1st.<\/p>\t\t\t\t\t\t<\/div>\n\t\t\t\t<\/div>\n\t\t\t\t\t<\/div>\n\t\t<\/div>\n\t\t\t\t<div class=\"elementor-column elementor-col-33 elementor-inner-column elementor-element elementor-element-7134f0ae\" data-id=\"7134f0ae\" data-element_type=\"column\">\n\t\t\t<div class=\"elementor-widget-wrap elementor-element-populated\">\n\t\t\t\t\t\t\t\t<div class=\"elementor-element elementor-element-150a79fd elementor-widget elementor-widget-heading\" data-id=\"150a79fd\" data-element_type=\"widget\" data-widget_type=\"heading.default\">\n\t\t\t\t<div class=\"elementor-widget-container\">\n\t\t\t<h3 class=\"elementor-heading-title elementor-size-default\">Megval\u00f3s\u00edt\u00e1s<\/h3>\t\t<\/div>\n\t\t\t\t<\/div>\n\t\t\t\t<div class=\"elementor-element elementor-element-6cd42dc elementor-widget elementor-widget-text-editor\" data-id=\"6cd42dc\" data-element_type=\"widget\" data-widget_type=\"text-editor.default\">\n\t\t\t\t<div class=\"elementor-widget-container\">\n\t\t\t\t\t\t\t<p>A tervek alapj\u00e1n meg\u00e9p\u00fcl a protot\u00edpus \u00e9s tesztel\u00e9sek ut\u00e1n be\u00fczemel\u00e9sre ker\u00fcl a megold\u00e1s.<\/p>\t\t\t\t\t\t<\/div>\n\t\t\t\t<\/div>\n\t\t\t\t\t<\/div>\n\t\t<\/div>\n\t\t\t\t<div class=\"elementor-column elementor-col-33 elementor-inner-column elementor-element elementor-element-4f4b916f\" data-id=\"4f4b916f\" data-element_type=\"column\">\n\t\t\t<div class=\"elementor-widget-wrap elementor-element-populated\">\n\t\t\t\t\t\t\t\t<div class=\"elementor-element elementor-element-5287b1b7 elementor-widget elementor-widget-heading\" data-id=\"5287b1b7\" data-element_type=\"widget\" data-widget_type=\"heading.default\">\n\t\t\t\t<div class=\"elementor-widget-container\">\n\t\t\t<h3 class=\"elementor-heading-title elementor-size-default\">\u00dczemeltet\u00e9s<\/h3>\t\t<\/div>\n\t\t\t\t<\/div>\n\t\t\t\t<div class=\"elementor-element elementor-element-1e73d981 elementor-widget elementor-widget-text-editor\" data-id=\"1e73d981\" data-element_type=\"widget\" data-widget_type=\"text-editor.default\">\n\t\t\t\t<div class=\"elementor-widget-container\">\n\t\t\t\t\t\t\t<p>Folyamatos \u00fczem biztos\u00edt\u00e1sa, karbantart\u00e1s, friss\u00edt\u00e9s \u00e9s k\u00f6vet\u00e9s. Ak\u00e1r t\u00e1volr\u00f3l, ak\u00e1r helysz\u00ednen.<\/p>\t\t\t\t\t\t<\/div>\n\t\t\t\t<\/div>\n\t\t\t\t\t<\/div>\n\t\t<\/div>\n\t\t\t\t\t\t\t<\/div>\n\t\t<\/section>\n\t\t\t\t\t<\/div>\n\t\t<\/div>\n\t\t\t\t\t\t\t<\/div>\n\t\t<\/section>\n\t\t\t\t<section class=\"elementor-section elementor-top-section elementor-element elementor-element-50b98c47 elementor-section-height-min-height elementor-section-content-middle elementor-reverse-mobile elementor-section-stretched elementor-section-boxed elementor-section-height-default elementor-section-items-middle\" data-id=\"50b98c47\" data-element_type=\"section\" data-settings=\"{&quot;background_background&quot;:&quot;classic&quot;,&quot;stretch_section&quot;:&quot;section-stretched&quot;}\">\n\t\t\t\t\t\t<div class=\"elementor-container elementor-column-gap-no\">\n\t\t\t\t\t<div class=\"elementor-column elementor-col-50 elementor-top-column elementor-element elementor-element-304a304b\" data-id=\"304a304b\" data-element_type=\"column\">\n\t\t\t<div class=\"elementor-widget-wrap elementor-element-populated\">\n\t\t\t\t\t\t\t\t<div class=\"elementor-element elementor-element-7d7afd80 elementor-widget elementor-widget-heading\" data-id=\"7d7afd80\" data-element_type=\"widget\" data-widget_type=\"heading.default\">\n\t\t\t\t<div class=\"elementor-widget-container\">\n\t\t\t<h2 class=\"elementor-heading-title elementor-size-default\">Innov\u00e1ci\u00f3<\/h2>\t\t<\/div>\n\t\t\t\t<\/div>\n\t\t\t\t<div class=\"elementor-element elementor-element-5a38c4fc elementor-widget elementor-widget-text-editor\" data-id=\"5a38c4fc\" data-element_type=\"widget\" data-widget_type=\"text-editor.default\">\n\t\t\t\t<div class=\"elementor-widget-container\">\n\t\t\t\t\t\t\t<p>Az automatiz\u00e1l\u00e1s nem m\u00e1s, mint bemenetek, transzform\u00e1ci\u00f3k \u00e9s kimenetek kezel\u00e9se.\u00a0<\/p><p>A legfontosabb, hogy j\u00f3 r\u00e1l\u00e1t\u00e1sa legyen az \u00fczleti folyamatra, mi pedig elv\u00e9gezz\u00fck a folyamat automatiz\u00e1l\u00e1s\u00e1hoz sz\u00fcks\u00e9ges teend\u0151ket. Legkorszer\u0171bb mikrovez\u00e9rl\u0151k alkalmaz\u00e1s\u00e1val, sokr\u00e9t\u0171 kapcsol\u00f3d\u00e1si lehet\u0151s\u00e9ggel \u00e9s ki- vagy bemenet alkalmaz\u00e1s\u00e1val. Professzion\u00e1lis szint\u0171 eszk\u00f6z\u00f6k a hossz\u00fa \u00e9lettartalm\u00e9rt, megb\u00edzhat\u00f3s\u00e1g\u00e9rt \u00e9s k\u00f6nny\u0171 karbantarthat\u00f3s\u00e1g\u00e9rt.<\/p>\t\t\t\t\t\t<\/div>\n\t\t\t\t<\/div>\n\t\t\t\t<div class=\"elementor-element elementor-element-3565d4b5 elementor-align-left elementor-mobile-align-center elementor-widget elementor-widget-button\" data-id=\"3565d4b5\" data-element_type=\"widget\" data-widget_type=\"button.default\">\n\t\t\t\t<div class=\"elementor-widget-container\">\n\t\t\t\t\t<div class=\"elementor-button-wrapper\">\n\t\t\t<a class=\"elementor-button elementor-button-link elementor-size-sm elementor-animation-grow\" href=\"#\">\n\t\t\t\t\t\t<span class=\"elementor-button-content-wrapper\">\n\t\t\t\t\t\t<span class=\"elementor-button-text\">Read More<\/span>\n\t\t<\/span>\n\t\t\t\t\t<\/a>\n\t\t<\/div>\n\t\t\t\t<\/div>\n\t\t\t\t<\/div>\n\t\t\t\t\t<\/div>\n\t\t<\/div>\n\t\t\t\t<div class=\"elementor-column elementor-col-50 elementor-top-column elementor-element elementor-element-52983bf0\" data-id=\"52983bf0\" data-element_type=\"column\">\n\t\t\t<div class=\"elementor-widget-wrap elementor-element-populated\">\n\t\t\t\t\t\t\t\t<div class=\"elementor-element elementor-element-78b202ba elementor-widget elementor-widget-image\" data-id=\"78b202ba\" data-element_type=\"widget\" data-widget_type=\"image.default\">\n\t\t\t\t<div class=\"elementor-widget-container\">\n\t\t\t\t\t\t\t\t\t\t\t\t\t\t\t<img fetchpriority=\"high\" decoding=\"async\" width=\"600\" height=\"900\" src=\"https:\/\/www.kbhu.info\/wp-content\/uploads\/2019\/08\/autom.png\" class=\"attachment-full size-full wp-image-567\" alt=\"\" srcset=\"https:\/\/www.kbhu.info\/wp-content\/uploads\/2019\/08\/autom.png 600w, https:\/\/www.kbhu.info\/wp-content\/uploads\/2019\/08\/autom-200x300.png 200w\" sizes=\"(max-width: 600px) 100vw, 600px\" \/>\t\t\t\t\t\t\t\t\t\t\t\t\t\t\t<\/div>\n\t\t\t\t<\/div>\n\t\t\t\t\t<\/div>\n\t\t<\/div>\n\t\t\t\t\t\t\t<\/div>\n\t\t<\/section>\n\t\t\t\t<section class=\"elementor-section elementor-top-section elementor-element elementor-element-3de18cad elementor-section-content-middle elementor-section-stretched elementor-section-boxed elementor-section-height-default elementor-section-height-default\" data-id=\"3de18cad\" data-element_type=\"section\" data-settings=\"{&quot;stretch_section&quot;:&quot;section-stretched&quot;}\">\n\t\t\t\t\t\t<div class=\"elementor-container elementor-column-gap-no\">\n\t\t\t\t\t<div class=\"elementor-column elementor-col-100 elementor-top-column elementor-element elementor-element-572466c6\" data-id=\"572466c6\" data-element_type=\"column\">\n\t\t\t<div class=\"elementor-widget-wrap elementor-element-populated\">\n\t\t\t\t\t\t\t\t<div class=\"elementor-element elementor-element-5f039e76 elementor-widget elementor-widget-heading\" data-id=\"5f039e76\" data-element_type=\"widget\" data-widget_type=\"heading.default\">\n\t\t\t\t<div class=\"elementor-widget-container\">\n\t\t\t<h2 class=\"elementor-heading-title elementor-size-default\">Referenci\u00e1k<\/h2>\t\t<\/div>\n\t\t\t\t<\/div>\n\t\t\t\t<section class=\"elementor-section elementor-inner-section elementor-element elementor-element-6f90f0da elementor-reverse-mobile elementor-section-full_width elementor-section-height-default elementor-section-height-default\" data-id=\"6f90f0da\" data-element_type=\"section\">\n\t\t\t\t\t\t<div class=\"elementor-container elementor-column-gap-default\">\n\t\t\t\t\t<div class=\"elementor-column elementor-col-50 elementor-inner-column elementor-element elementor-element-280220ba\" data-id=\"280220ba\" data-element_type=\"column\">\n\t\t\t<div class=\"elementor-widget-wrap elementor-element-populated\">\n\t\t\t\t\t\t\t\t<div class=\"elementor-element elementor-element-6783c0e elementor-widget elementor-widget-image\" data-id=\"6783c0e\" data-element_type=\"widget\" data-widget_type=\"image.default\">\n\t\t\t\t<div class=\"elementor-widget-container\">\n\t\t\t\t\t\t\t\t\t\t\t\t\t\t\t<img decoding=\"async\" width=\"800\" height=\"533\" src=\"https:\/\/www.kbhu.info\/wp-content\/uploads\/2019\/08\/chip.png\" class=\"attachment-large size-large wp-image-568\" alt=\"\" srcset=\"https:\/\/www.kbhu.info\/wp-content\/uploads\/2019\/08\/chip.png 800w, https:\/\/www.kbhu.info\/wp-content\/uploads\/2019\/08\/chip-300x200.png 300w, https:\/\/www.kbhu.info\/wp-content\/uploads\/2019\/08\/chip-768x512.png 768w, https:\/\/www.kbhu.info\/wp-content\/uploads\/2019\/08\/chip-720x480.png 720w\" sizes=\"(max-width: 800px) 100vw, 800px\" \/>\t\t\t\t\t\t\t\t\t\t\t\t\t\t\t<\/div>\n\t\t\t\t<\/div>\n\t\t\t\t<div class=\"elementor-element elementor-element-0276d12 elementor-widget elementor-widget-heading\" data-id=\"0276d12\" data-element_type=\"widget\" data-widget_type=\"heading.default\">\n\t\t\t\t<div class=\"elementor-widget-container\">\n\t\t\t<h2 class=\"elementor-heading-title elementor-size-default\">Kever\u0151 automatika<\/h2>\t\t<\/div>\n\t\t\t\t<\/div>\n\t\t\t\t<div class=\"elementor-element elementor-element-410be62 elementor-widget elementor-widget-text-editor\" data-id=\"410be62\" data-element_type=\"widget\" data-widget_type=\"text-editor.default\">\n\t\t\t\t<div class=\"elementor-widget-container\">\n\t\t\t\t\t\t\t<div>Alapanyag kever\u0151 folyamat t\u00f6lt\u00e9si-kever\u00e9si-\u00fcr\u00edt\u00e9si ciklussal. T\u00f6bb k\u00fcls\u0151 k\u00f6rnyezeti param\u00e9ter \u00e9s id\u0151z\u00edt\u00e9s alapj\u00e1n egyedi program ker\u00fclt implement\u00e1l\u00e1sra.<\/div><div><ul><li>Bementek sz\u00e1ma: 12<\/li><li>Kimenetek sz\u00e1ma: 4<\/li><li>Id\u0151vez\u00e9rl\u00e9s: 3<\/li><li>Egyedi program<\/li><\/ul><\/div>\t\t\t\t\t\t<\/div>\n\t\t\t\t<\/div>\n\t\t\t\t\t<\/div>\n\t\t<\/div>\n\t\t\t\t<div class=\"elementor-column elementor-col-50 elementor-inner-column elementor-element elementor-element-1cf9f83\" data-id=\"1cf9f83\" data-element_type=\"column\">\n\t\t\t<div class=\"elementor-widget-wrap elementor-element-populated\">\n\t\t\t\t\t\t\t\t<div class=\"elementor-element elementor-element-b4db937 elementor-widget elementor-widget-heading\" data-id=\"b4db937\" data-element_type=\"widget\" data-widget_type=\"heading.default\">\n\t\t\t\t<div class=\"elementor-widget-container\">\n\t\t\t<h2 class=\"elementor-heading-title elementor-size-default\">L\u00e9ptet\u0151 automatika<\/h2>\t\t<\/div>\n\t\t\t\t<\/div>\n\t\t\t\t<div class=\"elementor-element elementor-element-9df33a3 elementor-widget elementor-widget-text-editor\" data-id=\"9df33a3\" data-element_type=\"widget\" data-widget_type=\"text-editor.default\">\n\t\t\t\t<div class=\"elementor-widget-container\">\n\t\t\t\t\t\t\t<div>L\u00e9ptet\u0151 automatik\u00e1j\u00fa szelepvez\u00e9rl\u00e9s, hossz\u00fa\/folyamatos \u00fczemid\u0151re tervezve. Alacsony k\u00f6lts\u00e9gvet\u00e9s\u0171 projekt.<\/div><div><br \/>Sz\u00e1ll\u00edt\u00e1si id\u0151: 1 h\u00e9t<\/div>\t\t\t\t\t\t<\/div>\n\t\t\t\t<\/div>\n\t\t\t\t<div class=\"elementor-element elementor-element-10c0de5 elementor-widget elementor-widget-image\" data-id=\"10c0de5\" data-element_type=\"widget\" data-widget_type=\"image.default\">\n\t\t\t\t<div class=\"elementor-widget-container\">\n\t\t\t\t\t\t\t\t\t\t\t\t\t\t\t<img decoding=\"async\" width=\"800\" height=\"533\" src=\"https:\/\/www.kbhu.info\/wp-content\/uploads\/2019\/08\/chip2.png\" class=\"attachment-large size-large wp-image-569\" alt=\"Industrial automation in Gy\u0151r\" srcset=\"https:\/\/www.kbhu.info\/wp-content\/uploads\/2019\/08\/chip2.png 800w, https:\/\/www.kbhu.info\/wp-content\/uploads\/2019\/08\/chip2-300x200.png 300w, https:\/\/www.kbhu.info\/wp-content\/uploads\/2019\/08\/chip2-768x512.png 768w, https:\/\/www.kbhu.info\/wp-content\/uploads\/2019\/08\/chip2-720x480.png 720w\" sizes=\"(max-width: 800px) 100vw, 800px\" \/>\t\t\t\t\t\t\t\t\t\t\t\t\t\t\t<\/div>\n\t\t\t\t<\/div>\n\t\t\t\t\t<\/div>\n\t\t<\/div>\n\t\t\t\t\t\t\t<\/div>\n\t\t<\/section>\n\t\t\t\t\t<\/div>\n\t\t<\/div>\n\t\t\t\t\t\t\t<\/div>\n\t\t<\/section>\n\t\t\t\t\t\t\t<\/div>\n\t\t","protected":false},"excerpt":{"rendered":"<p>Kih\u00edv\u00e1s A mai zavaros vil\u00e1gban felforgat\u00f3 technol\u00f3giai \u00faj\u00edt\u00e1sok ker\u00fclnek folyamatosan napvil\u00e1gra, ahol az ortodox megold\u00e1sok rendre kudarcot vallanak az \u00e1r-\u00e9rt\u00e9k [&hellip;]<\/p>\n","protected":false},"author":1,"featured_media":0,"parent":0,"menu_order":0,"comment_status":"closed","ping_status":"closed","template":"","meta":{"_monsterinsights_skip_tracking":false,"_monsterinsights_sitenote_active":false,"_monsterinsights_sitenote_note":"","_monsterinsights_sitenote_category":0,"footnotes":""},"class_list":["post-595","page","type-page","status-publish","hentry"],"yoast_head":"<!-- This site is optimized with the Yoast SEO plugin v21.8 - https:\/\/yoast.com\/wordpress\/plugins\/seo\/ -->\n<title>Automatiz\u00e1l\u00e1s - KB.hu Informatika - Top automatiz\u00e1l\u00e1s Gy\u0151r\/Magyarorsz\u00e1g<\/title>\n<meta name=\"description\" content=\"Folyamat automatiz\u00e1l\u00e1s magas min\u0151s\u00e9g\u0171 \u00e9s innovat\u00edv megold\u00e1sokkal. Piacvezet\u0151 eszk\u00f6z\u00f6k \u00e9s berendez\u00e9sek, kimagasl\u00f3 \u00e1r-\u00e9rt\u00e9k ar\u00e1ny \u00e9s gyors kivitelez\u00e9s.\" \/>\n<meta name=\"robots\" content=\"index, follow, max-snippet:-1, max-image-preview:large, max-video-preview:-1\" \/>\n<link rel=\"canonical\" href=\"https:\/\/www.kbhu.info\/index.php\/automatizalas\/\" \/>\n<meta property=\"og:locale\" content=\"en_US\" \/>\n<meta property=\"og:type\" content=\"article\" \/>\n<meta property=\"og:title\" content=\"Automatiz\u00e1l\u00e1s - KB.hu Informatika - Top automatiz\u00e1l\u00e1s Gy\u0151r\/Magyarorsz\u00e1g\" \/>\n<meta property=\"og:description\" content=\"Folyamat automatiz\u00e1l\u00e1s magas min\u0151s\u00e9g\u0171 \u00e9s innovat\u00edv megold\u00e1sokkal. Piacvezet\u0151 eszk\u00f6z\u00f6k \u00e9s berendez\u00e9sek, kimagasl\u00f3 \u00e1r-\u00e9rt\u00e9k ar\u00e1ny \u00e9s gyors kivitelez\u00e9s.\" \/>\n<meta property=\"og:url\" content=\"https:\/\/www.kbhu.info\/index.php\/automatizalas\/\" \/>\n<meta property=\"og:site_name\" content=\"KB.hu Informatika\" \/>\n<meta property=\"article:modified_time\" content=\"2019-08-03T13:15:44+00:00\" \/>\n<meta property=\"og:image\" content=\"http:\/\/www.kbhu.info\/wp-content\/uploads\/2019\/08\/autom.png\" \/>\n<meta name=\"twitter:card\" content=\"summary_large_image\" \/>\n<meta name=\"twitter:label1\" content=\"Est. reading time\" \/>\n\t<meta name=\"twitter:data1\" content=\"2 minutes\" \/>\n<script type=\"application\/ld+json\" class=\"yoast-schema-graph\">{\"@context\":\"https:\/\/schema.org\",\"@graph\":[{\"@type\":\"WebPage\",\"@id\":\"https:\/\/www.kbhu.info\/index.php\/automatizalas\/\",\"url\":\"https:\/\/www.kbhu.info\/index.php\/automatizalas\/\",\"name\":\"Automatiz\u00e1l\u00e1s - KB.hu Informatika - Top automatiz\u00e1l\u00e1s Gy\u0151r\/Magyarorsz\u00e1g\",\"isPartOf\":{\"@id\":\"https:\/\/www.kbhu.info\/#website\"},\"datePublished\":\"2019-08-02T11:32:00+00:00\",\"dateModified\":\"2019-08-03T13:15:44+00:00\",\"description\":\"Folyamat automatiz\u00e1l\u00e1s magas min\u0151s\u00e9g\u0171 \u00e9s innovat\u00edv megold\u00e1sokkal. Piacvezet\u0151 eszk\u00f6z\u00f6k \u00e9s berendez\u00e9sek, kimagasl\u00f3 \u00e1r-\u00e9rt\u00e9k ar\u00e1ny \u00e9s gyors kivitelez\u00e9s.\",\"breadcrumb\":{\"@id\":\"https:\/\/www.kbhu.info\/index.php\/automatizalas\/#breadcrumb\"},\"inLanguage\":\"en-US\",\"potentialAction\":[{\"@type\":\"ReadAction\",\"target\":[\"https:\/\/www.kbhu.info\/index.php\/automatizalas\/\"]}]},{\"@type\":\"BreadcrumbList\",\"@id\":\"https:\/\/www.kbhu.info\/index.php\/automatizalas\/#breadcrumb\",\"itemListElement\":[{\"@type\":\"ListItem\",\"position\":1,\"name\":\"Home\",\"item\":\"https:\/\/www.kbhu.info\/index.php\/en\/home-it-support-and-automation-in-gyor\/\"},{\"@type\":\"ListItem\",\"position\":2,\"name\":\"Automatiz\u00e1l\u00e1s\"}]},{\"@type\":\"WebSite\",\"@id\":\"https:\/\/www.kbhu.info\/#website\",\"url\":\"https:\/\/www.kbhu.info\/\",\"name\":\"KB.hu Informatika\",\"description\":\"Manage IT\",\"publisher\":{\"@id\":\"https:\/\/www.kbhu.info\/#organization\"},\"potentialAction\":[{\"@type\":\"SearchAction\",\"target\":{\"@type\":\"EntryPoint\",\"urlTemplate\":\"https:\/\/www.kbhu.info\/?s={search_term_string}\"},\"query-input\":\"required name=search_term_string\"}],\"inLanguage\":\"en-US\"},{\"@type\":\"Organization\",\"@id\":\"https:\/\/www.kbhu.info\/#organization\",\"name\":\"KB.hu Informatika\",\"url\":\"https:\/\/www.kbhu.info\/\",\"logo\":{\"@type\":\"ImageObject\",\"inLanguage\":\"en-US\",\"@id\":\"https:\/\/www.kbhu.info\/#\/schema\/logo\/image\/\",\"url\":\"https:\/\/www.kbhu.info\/wp-content\/uploads\/2019\/07\/KBhu_web_logo_v4-1.png\",\"contentUrl\":\"https:\/\/www.kbhu.info\/wp-content\/uploads\/2019\/07\/KBhu_web_logo_v4-1.png\",\"width\":184,\"height\":74,\"caption\":\"KB.hu Informatika\"},\"image\":{\"@id\":\"https:\/\/www.kbhu.info\/#\/schema\/logo\/image\/\"}}]}<\/script>\n<!-- \/ Yoast SEO plugin. -->","yoast_head_json":{"title":"Automatiz\u00e1l\u00e1s - KB.hu Informatika - Top automatiz\u00e1l\u00e1s Gy\u0151r\/Magyarorsz\u00e1g","description":"Folyamat automatiz\u00e1l\u00e1s magas min\u0151s\u00e9g\u0171 \u00e9s innovat\u00edv megold\u00e1sokkal. Piacvezet\u0151 eszk\u00f6z\u00f6k \u00e9s berendez\u00e9sek, kimagasl\u00f3 \u00e1r-\u00e9rt\u00e9k ar\u00e1ny \u00e9s gyors kivitelez\u00e9s.","robots":{"index":"index","follow":"follow","max-snippet":"max-snippet:-1","max-image-preview":"max-image-preview:large","max-video-preview":"max-video-preview:-1"},"canonical":"https:\/\/www.kbhu.info\/index.php\/automatizalas\/","og_locale":"en_US","og_type":"article","og_title":"Automatiz\u00e1l\u00e1s - KB.hu Informatika - Top automatiz\u00e1l\u00e1s Gy\u0151r\/Magyarorsz\u00e1g","og_description":"Folyamat automatiz\u00e1l\u00e1s magas min\u0151s\u00e9g\u0171 \u00e9s innovat\u00edv megold\u00e1sokkal. Piacvezet\u0151 eszk\u00f6z\u00f6k \u00e9s berendez\u00e9sek, kimagasl\u00f3 \u00e1r-\u00e9rt\u00e9k ar\u00e1ny \u00e9s gyors kivitelez\u00e9s.","og_url":"https:\/\/www.kbhu.info\/index.php\/automatizalas\/","og_site_name":"KB.hu Informatika","article_modified_time":"2019-08-03T13:15:44+00:00","og_image":[{"url":"http:\/\/www.kbhu.info\/wp-content\/uploads\/2019\/08\/autom.png"}],"twitter_card":"summary_large_image","twitter_misc":{"Est. reading time":"2 minutes"},"schema":{"@context":"https:\/\/schema.org","@graph":[{"@type":"WebPage","@id":"https:\/\/www.kbhu.info\/index.php\/automatizalas\/","url":"https:\/\/www.kbhu.info\/index.php\/automatizalas\/","name":"Automatiz\u00e1l\u00e1s - KB.hu Informatika - Top automatiz\u00e1l\u00e1s Gy\u0151r\/Magyarorsz\u00e1g","isPartOf":{"@id":"https:\/\/www.kbhu.info\/#website"},"datePublished":"2019-08-02T11:32:00+00:00","dateModified":"2019-08-03T13:15:44+00:00","description":"Folyamat automatiz\u00e1l\u00e1s magas min\u0151s\u00e9g\u0171 \u00e9s innovat\u00edv megold\u00e1sokkal. Piacvezet\u0151 eszk\u00f6z\u00f6k \u00e9s berendez\u00e9sek, kimagasl\u00f3 \u00e1r-\u00e9rt\u00e9k ar\u00e1ny \u00e9s gyors kivitelez\u00e9s.","breadcrumb":{"@id":"https:\/\/www.kbhu.info\/index.php\/automatizalas\/#breadcrumb"},"inLanguage":"en-US","potentialAction":[{"@type":"ReadAction","target":["https:\/\/www.kbhu.info\/index.php\/automatizalas\/"]}]},{"@type":"BreadcrumbList","@id":"https:\/\/www.kbhu.info\/index.php\/automatizalas\/#breadcrumb","itemListElement":[{"@type":"ListItem","position":1,"name":"Home","item":"https:\/\/www.kbhu.info\/index.php\/en\/home-it-support-and-automation-in-gyor\/"},{"@type":"ListItem","position":2,"name":"Automatiz\u00e1l\u00e1s"}]},{"@type":"WebSite","@id":"https:\/\/www.kbhu.info\/#website","url":"https:\/\/www.kbhu.info\/","name":"KB.hu Informatika","description":"Manage IT","publisher":{"@id":"https:\/\/www.kbhu.info\/#organization"},"potentialAction":[{"@type":"SearchAction","target":{"@type":"EntryPoint","urlTemplate":"https:\/\/www.kbhu.info\/?s={search_term_string}"},"query-input":"required name=search_term_string"}],"inLanguage":"en-US"},{"@type":"Organization","@id":"https:\/\/www.kbhu.info\/#organization","name":"KB.hu Informatika","url":"https:\/\/www.kbhu.info\/","logo":{"@type":"ImageObject","inLanguage":"en-US","@id":"https:\/\/www.kbhu.info\/#\/schema\/logo\/image\/","url":"https:\/\/www.kbhu.info\/wp-content\/uploads\/2019\/07\/KBhu_web_logo_v4-1.png","contentUrl":"https:\/\/www.kbhu.info\/wp-content\/uploads\/2019\/07\/KBhu_web_logo_v4-1.png","width":184,"height":74,"caption":"KB.hu Informatika"},"image":{"@id":"https:\/\/www.kbhu.info\/#\/schema\/logo\/image\/"}}]}},"_links":{"self":[{"href":"https:\/\/www.kbhu.info\/index.php\/wp-json\/wp\/v2\/pages\/595","targetHints":{"allow":["GET"]}}],"collection":[{"href":"https:\/\/www.kbhu.info\/index.php\/wp-json\/wp\/v2\/pages"}],"about":[{"href":"https:\/\/www.kbhu.info\/index.php\/wp-json\/wp\/v2\/types\/page"}],"author":[{"embeddable":true,"href":"https:\/\/www.kbhu.info\/index.php\/wp-json\/wp\/v2\/users\/1"}],"replies":[{"embeddable":true,"href":"https:\/\/www.kbhu.info\/index.php\/wp-json\/wp\/v2\/comments?post=595"}],"version-history":[{"count":5,"href":"https:\/\/www.kbhu.info\/index.php\/wp-json\/wp\/v2\/pages\/595\/revisions"}],"predecessor-version":[{"id":642,"href":"https:\/\/www.kbhu.info\/index.php\/wp-json\/wp\/v2\/pages\/595\/revisions\/642"}],"wp:attachment":[{"href":"https:\/\/www.kbhu.info\/index.php\/wp-json\/wp\/v2\/media?parent=595"}],"curies":[{"name":"wp","href":"https:\/\/api.w.org\/{rel}","templated":true}]}}